{"id":144,"date":"2023-08-26T19:36:53","date_gmt":"2023-08-26T17:36:53","guid":{"rendered":"http:\/\/larchedecampagne.fr\/?page_id=144"},"modified":"2023-08-30T18:54:29","modified_gmt":"2023-08-30T16:54:29","slug":"nous-contacter","status":"publish","type":"page","link":"https:\/\/larchedecampagne.fr\/index.php\/nous-contacter\/","title":{"rendered":"Nous contacter"},"content":{"rendered":"\n<div class=\"wpcf7 no-js\" id=\"wpcf7-f143-o1\" lang=\"fr-FR\" dir=\"ltr\" data-wpcf7-id=\"143\">\n<div class=\"screen-reader-response\"><p role=\"status\" aria-live=\"polite\" aria-atomic=\"true\"><\/p> <ul><\/ul><\/div>\n<form action=\"\/index.php\/wp-json\/wp\/v2\/pages\/144#wpcf7-f143-o1\" method=\"post\" class=\"wpcf7-form init\" aria-label=\"Formulaire de contact\" novalidate=\"novalidate\" data-status=\"init\">\n<fieldset class=\"hidden-fields-container\"><input type=\"hidden\" name=\"_wpcf7\" value=\"143\" \/><input type=\"hidden\" name=\"_wpcf7_version\" value=\"6.1.5\" \/><input type=\"hidden\" name=\"_wpcf7_locale\" value=\"fr_FR\" \/><input type=\"hidden\" name=\"_wpcf7_unit_tag\" value=\"wpcf7-f143-o1\" \/><input type=\"hidden\" name=\"_wpcf7_container_post\" value=\"0\" \/><input type=\"hidden\" name=\"_wpcf7_posted_data_hash\" value=\"\" \/>\n<\/fieldset>\n<p><label> Votre nom<br \/>\n<span class=\"wpcf7-form-control-wrap\" data-name=\"your-name\"><input size=\"40\" maxlength=\"400\" class=\"wpcf7-form-control wpcf7-text wpcf7-validates-as-required\" autocomplete=\"name\" aria-required=\"true\" aria-invalid=\"false\" value=\"\" type=\"text\" name=\"your-name\" \/><\/span> <\/label>\n<\/p>\n<p><label> Votre e-mail<br \/>\n<span class=\"wpcf7-form-control-wrap\" data-name=\"your-email\"><input size=\"40\" maxlength=\"400\" class=\"wpcf7-form-control wpcf7-email wpcf7-validates-as-required wpcf7-text wpcf7-validates-as-email\" autocomplete=\"email\" aria-required=\"true\" aria-invalid=\"false\" value=\"\" type=\"email\" name=\"your-email\" \/><\/span> <\/label>\n<\/p>\n<p><label> Objet<br \/>\n<span class=\"wpcf7-form-control-wrap\" data-name=\"your-subject\"><input size=\"40\" maxlength=\"400\" class=\"wpcf7-form-control wpcf7-text wpcf7-validates-as-required\" aria-required=\"true\" aria-invalid=\"false\" value=\"\" type=\"text\" name=\"your-subject\" \/><\/span> <\/label>\n<\/p>\n<p><label> Votre message (facultatif)<br \/>\n<span class=\"wpcf7-form-control-wrap\" data-name=\"your-message\"><textarea cols=\"40\" rows=\"10\" maxlength=\"2000\" class=\"wpcf7-form-control wpcf7-textarea\" aria-invalid=\"false\" name=\"your-message\"><\/textarea><\/span> <\/label>\n<\/p>\n<p><input class=\"wpcf7-form-control wpcf7-submit has-spinner\" type=\"submit\" value=\"Envoyer le formulaire\" \/>\n<\/p><p style=\"display: none !important;\" class=\"akismet-fields-container\" data-prefix=\"_wpcf7_ak_\"><label>&#916;<textarea name=\"_wpcf7_ak_hp_textarea\" cols=\"45\" rows=\"8\" maxlength=\"100\"><\/textarea><\/label><input type=\"hidden\" id=\"ak_js_1\" name=\"_wpcf7_ak_js\" value=\"169\"\/><script>\ndocument.getElementById( \"ak_js_1\" ).setAttribute( \"value\", ( new Date() ).getTime() );\n<\/script>\n<\/p><div class=\"wpcf7-response-output\" aria-hidden=\"true\"><\/div>\n<\/form>\n<\/div>\n\n","protected":false},"excerpt":{"rendered":"","protected":false},"author":1,"featured_media":0,"parent":0,"menu_order":0,"comment_status":"closed","ping_status":"closed","template":"","meta":{"footnotes":""},"class_list":["post-144","page","type-page","status-publish","hentry"],"blocksy_meta":"","yoast_head":"<!-- This site is optimized with the Yoast SEO plugin v27.5 - https:\/\/yoast.com\/product\/yoast-seo-wordpress\/ -->\n<title>G\u00eete - L&#039;Arche de Campagne - C\u00f4te d&#039;Or<\/title>\n<meta name=\"description\" content=\"G\u00eete, logement, dans la Vall\u00e9e de l&#039;Ouche, proche de la cit\u00e9e Gastronomique de Dijon, \u00e0 deux min de la piste cyclable du canal de Bourgogne.\" \/>\n<meta name=\"robots\" content=\"index, follow, max-snippet:-1, max-image-preview:large, max-video-preview:-1\" \/>\n<link rel=\"canonical\" href=\"https:\/\/larchedecampagne.fr\/index.php\/nous-contacter\/\" \/>\n<meta property=\"og:locale\" content=\"fr_FR\" \/>\n<meta property=\"og:type\" content=\"article\" \/>\n<meta property=\"og:title\" content=\"G\u00eete - L&#039;Arche de Campagne - C\u00f4te d&#039;Or\" \/>\n<meta property=\"og:description\" content=\"G\u00eete, logement, dans la Vall\u00e9e de l&#039;Ouche, proche de la cit\u00e9e Gastronomique de Dijon, \u00e0 deux min de la piste cyclable du canal de Bourgogne.\" \/>\n<meta property=\"og:url\" content=\"https:\/\/larchedecampagne.fr\/index.php\/nous-contacter\/\" \/>\n<meta property=\"og:site_name\" content=\"L&#039;Arche de Campagne\" \/>\n<meta property=\"article:modified_time\" content=\"2023-08-30T16:54:29+00:00\" \/>\n<meta name=\"twitter:card\" content=\"summary_large_image\" \/>\n<meta name=\"twitter:label1\" content=\"Dur\u00e9e de lecture estim\u00e9e\" \/>\n\t<meta name=\"twitter:data1\" content=\"1 minute\" \/>\n<script type=\"application\/ld+json\" class=\"yoast-schema-graph\">{\"@context\":\"https:\\\/\\\/schema.org\",\"@graph\":[{\"@type\":\"WebPage\",\"@id\":\"https:\\\/\\\/larchedecampagne.fr\\\/index.php\\\/nous-contacter\\\/\",\"url\":\"https:\\\/\\\/larchedecampagne.fr\\\/index.php\\\/nous-contacter\\\/\",\"name\":\"G\u00eete - L&#039;Arche de Campagne - C\u00f4te d'Or\",\"isPartOf\":{\"@id\":\"https:\\\/\\\/larchedecampagne.fr\\\/#website\"},\"datePublished\":\"2023-08-26T17:36:53+00:00\",\"dateModified\":\"2023-08-30T16:54:29+00:00\",\"description\":\"G\u00eete, logement, dans la Vall\u00e9e de l'Ouche, proche de la cit\u00e9e Gastronomique de Dijon, \u00e0 deux min de la piste cyclable du canal de Bourgogne.\",\"breadcrumb\":{\"@id\":\"https:\\\/\\\/larchedecampagne.fr\\\/index.php\\\/nous-contacter\\\/#breadcrumb\"},\"inLanguage\":\"fr-FR\",\"potentialAction\":[{\"@type\":\"ReadAction\",\"target\":[\"https:\\\/\\\/larchedecampagne.fr\\\/index.php\\\/nous-contacter\\\/\"]}]},{\"@type\":\"BreadcrumbList\",\"@id\":\"https:\\\/\\\/larchedecampagne.fr\\\/index.php\\\/nous-contacter\\\/#breadcrumb\",\"itemListElement\":[{\"@type\":\"ListItem\",\"position\":1,\"name\":\"Accueil\",\"item\":\"https:\\\/\\\/larchedecampagne.fr\\\/\"},{\"@type\":\"ListItem\",\"position\":2,\"name\":\"Nous contacter\"}]},{\"@type\":\"WebSite\",\"@id\":\"https:\\\/\\\/larchedecampagne.fr\\\/#website\",\"url\":\"https:\\\/\\\/larchedecampagne.fr\\\/\",\"name\":\"L'Arche de Campagne\",\"description\":\"Un G\u00eete Aux Portes de Dijon\",\"publisher\":{\"@id\":\"https:\\\/\\\/larchedecampagne.fr\\\/#organization\"},\"potentialAction\":[{\"@type\":\"SearchAction\",\"target\":{\"@type\":\"EntryPoint\",\"urlTemplate\":\"https:\\\/\\\/larchedecampagne.fr\\\/?s={search_term_string}\"},\"query-input\":{\"@type\":\"PropertyValueSpecification\",\"valueRequired\":true,\"valueName\":\"search_term_string\"}}],\"inLanguage\":\"fr-FR\"},{\"@type\":\"Organization\",\"@id\":\"https:\\\/\\\/larchedecampagne.fr\\\/#organization\",\"name\":\"L'Arche de Campagne\",\"url\":\"https:\\\/\\\/larchedecampagne.fr\\\/\",\"logo\":{\"@type\":\"ImageObject\",\"inLanguage\":\"fr-FR\",\"@id\":\"https:\\\/\\\/larchedecampagne.fr\\\/#\\\/schema\\\/logo\\\/image\\\/\",\"url\":\"https:\\\/\\\/i0.wp.com\\\/larchedecampagne.fr\\\/wp-content\\\/uploads\\\/2023\\\/08\\\/cropped-cropped-LArche-de-Campagne-1.jpg?fit=412%2C257&ssl=1\",\"contentUrl\":\"https:\\\/\\\/i0.wp.com\\\/larchedecampagne.fr\\\/wp-content\\\/uploads\\\/2023\\\/08\\\/cropped-cropped-LArche-de-Campagne-1.jpg?fit=412%2C257&ssl=1\",\"width\":412,\"height\":257,\"caption\":\"L'Arche de Campagne\"},\"image\":{\"@id\":\"https:\\\/\\\/larchedecampagne.fr\\\/#\\\/schema\\\/logo\\\/image\\\/\"},\"sameAs\":[\"https:\\\/\\\/instagram.com\\\/l_arche_de_campagne?utm_source=qr&igshid=ZDc4ODBmNjlmNQ\"]}]}<\/script>\n<!-- \/ Yoast SEO plugin. -->","yoast_head_json":{"title":"G\u00eete - L&#039;Arche de Campagne - C\u00f4te d'Or","description":"G\u00eete, logement, dans la Vall\u00e9e de l'Ouche, proche de la cit\u00e9e Gastronomique de Dijon, \u00e0 deux min de la piste cyclable du canal de Bourgogne.","robots":{"index":"index","follow":"follow","max-snippet":"max-snippet:-1","max-image-preview":"max-image-preview:large","max-video-preview":"max-video-preview:-1"},"canonical":"https:\/\/larchedecampagne.fr\/index.php\/nous-contacter\/","og_locale":"fr_FR","og_type":"article","og_title":"G\u00eete - L&#039;Arche de Campagne - C\u00f4te d'Or","og_description":"G\u00eete, logement, dans la Vall\u00e9e de l'Ouche, proche de la cit\u00e9e Gastronomique de Dijon, \u00e0 deux min de la piste cyclable du canal de Bourgogne.","og_url":"https:\/\/larchedecampagne.fr\/index.php\/nous-contacter\/","og_site_name":"L&#039;Arche de Campagne","article_modified_time":"2023-08-30T16:54:29+00:00","twitter_card":"summary_large_image","twitter_misc":{"Dur\u00e9e de lecture estim\u00e9e":"1 minute"},"schema":{"@context":"https:\/\/schema.org","@graph":[{"@type":"WebPage","@id":"https:\/\/larchedecampagne.fr\/index.php\/nous-contacter\/","url":"https:\/\/larchedecampagne.fr\/index.php\/nous-contacter\/","name":"G\u00eete - L&#039;Arche de Campagne - C\u00f4te d'Or","isPartOf":{"@id":"https:\/\/larchedecampagne.fr\/#website"},"datePublished":"2023-08-26T17:36:53+00:00","dateModified":"2023-08-30T16:54:29+00:00","description":"G\u00eete, logement, dans la Vall\u00e9e de l'Ouche, proche de la cit\u00e9e Gastronomique de Dijon, \u00e0 deux min de la piste cyclable du canal de Bourgogne.","breadcrumb":{"@id":"https:\/\/larchedecampagne.fr\/index.php\/nous-contacter\/#breadcrumb"},"inLanguage":"fr-FR","potentialAction":[{"@type":"ReadAction","target":["https:\/\/larchedecampagne.fr\/index.php\/nous-contacter\/"]}]},{"@type":"BreadcrumbList","@id":"https:\/\/larchedecampagne.fr\/index.php\/nous-contacter\/#breadcrumb","itemListElement":[{"@type":"ListItem","position":1,"name":"Accueil","item":"https:\/\/larchedecampagne.fr\/"},{"@type":"ListItem","position":2,"name":"Nous contacter"}]},{"@type":"WebSite","@id":"https:\/\/larchedecampagne.fr\/#website","url":"https:\/\/larchedecampagne.fr\/","name":"L'Arche de Campagne","description":"Un G\u00eete Aux Portes de Dijon","publisher":{"@id":"https:\/\/larchedecampagne.fr\/#organization"},"potentialAction":[{"@type":"SearchAction","target":{"@type":"EntryPoint","urlTemplate":"https:\/\/larchedecampagne.fr\/?s={search_term_string}"},"query-input":{"@type":"PropertyValueSpecification","valueRequired":true,"valueName":"search_term_string"}}],"inLanguage":"fr-FR"},{"@type":"Organization","@id":"https:\/\/larchedecampagne.fr\/#organization","name":"L'Arche de Campagne","url":"https:\/\/larchedecampagne.fr\/","logo":{"@type":"ImageObject","inLanguage":"fr-FR","@id":"https:\/\/larchedecampagne.fr\/#\/schema\/logo\/image\/","url":"https:\/\/i0.wp.com\/larchedecampagne.fr\/wp-content\/uploads\/2023\/08\/cropped-cropped-LArche-de-Campagne-1.jpg?fit=412%2C257&ssl=1","contentUrl":"https:\/\/i0.wp.com\/larchedecampagne.fr\/wp-content\/uploads\/2023\/08\/cropped-cropped-LArche-de-Campagne-1.jpg?fit=412%2C257&ssl=1","width":412,"height":257,"caption":"L'Arche de Campagne"},"image":{"@id":"https:\/\/larchedecampagne.fr\/#\/schema\/logo\/image\/"},"sameAs":["https:\/\/instagram.com\/l_arche_de_campagne?utm_source=qr&igshid=ZDc4ODBmNjlmNQ"]}]}},"jetpack_sharing_enabled":true,"_links":{"self":[{"href":"https:\/\/larchedecampagne.fr\/index.php\/wp-json\/wp\/v2\/pages\/144","targetHints":{"allow":["GET"]}}],"collection":[{"href":"https:\/\/larchedecampagne.fr\/index.php\/wp-json\/wp\/v2\/pages"}],"about":[{"href":"https:\/\/larchedecampagne.fr\/index.php\/wp-json\/wp\/v2\/types\/page"}],"author":[{"embeddable":true,"href":"https:\/\/larchedecampagne.fr\/index.php\/wp-json\/wp\/v2\/users\/1"}],"replies":[{"embeddable":true,"href":"https:\/\/larchedecampagne.fr\/index.php\/wp-json\/wp\/v2\/comments?post=144"}],"version-history":[{"count":1,"href":"https:\/\/larchedecampagne.fr\/index.php\/wp-json\/wp\/v2\/pages\/144\/revisions"}],"predecessor-version":[{"id":146,"href":"https:\/\/larchedecampagne.fr\/index.php\/wp-json\/wp\/v2\/pages\/144\/revisions\/146"}],"wp:attachment":[{"href":"https:\/\/larchedecampagne.fr\/index.php\/wp-json\/wp\/v2\/media?parent=144"}],"curies":[{"name":"wp","href":"https:\/\/api.w.org\/{rel}","templated":true}]}}